 11.
a
What is -22 (base 4) in base 14?
-a
What is 26 (base 7) in base 12?
18
What is 10 (base 15) in base 13?
12
24 (base 5) to base 8
16
What is 82 (base 13) in base 9?
127
Convert -12 (base 15) to base 11.
-16
0 (base 4) to base 14
0
Convert 1 (base 6) to base 12.
1
What is 70 (base 9) in base 16?
3f
What is 14 (base 12) in base 14?
12
Convert -21 (base 6) to base 4.
-31
Convert -3 (base 11) to base 14.
-3
What is -100111111 (base 2) in base 4?
-10333
-b7 (base 12) to base 4
-2023
-181 (base 11) to base 9
-253
Convert 20 (base 4) to base 9.
8
Convert -122 (base 3) to base 2.
-10001
Convert 46 (base 8) to base 9.
42
What is 170 (base 9) in base 8?
220
Convert -7 (base 12) to base 13.
-7
What is -7 (base 13) in base 8?
-7
Convert -2 (base 5) to base 14.
-2
What is -46 (base 14) in base 6?
-142
What is 143 (base 7) in base 14?
5a
Convert -102 (base 4) to base 7.
-24
Convert -32 (base 8) to base 13.
-20
Convert 10 (base 3) to base 12.
3
2 (base 12) to base 10
2
What is -7 (base 12) in base 14?
-7
Convert 0 (base 12) to base 16.
0
Convert -21 (base 6) to base 10.
-13
What is 11 (base 3) in base 16?
4
-10 (base 3) to base 16
-3
What is -5 (base 8) in base 16?
-5
100111110 (base 2) to base 15
163
0 (base 16) to base 13
0
Convert 8 (base 10) to base 8.
10
What is 123 (base 8) in base 12?
6b
-1011 (base 2) to base 16
-b
What is 0 (base 13) in base 11?
0
What is -9b (base 12) in base 15?
-7e
What is 45 (base 8) in base 10?
37
Convert 14 (base 5) to base 16.
9
What is -224 (base 7) in base 3?
-11022
-100111110 (base 2) to base 10
-318
266 (base 9) to base 12
166
-6 (base 10) to base 4
-12
-11 (base 2) to base 3
-10
1c (base 14) to base 10
26
-111 (base 2) to base 10
-7
Convert -3 (base 10) to base 7.
-3
What is -4 (base 14) in base 7?
-4
1 (base 5) to base 13
1
What is -10111 (base 3) in base 10?
-94
Convert 102100 (base 3) to base 11.
259
Convert -4 (base 8) to base 5.
-4
-24 (base 5) to base 8
-16
What is -58 (base 10) in base 14?
-42
Convert -36 (base 7) to base 14.
-1d
27 (base 13) to base 7
45
What is -113 (base 4) in base 10?
-23
Convert 20 (base 9) to base 2.
10010
11222 (base 3) to base 7
251
What is -111 (base 7) in base 6?
-133
-2011 (base 3) to base 15
-3d
Convert 39 (base 13) to base 16.
30
132 (base 7) to base 14
52
Convert 23 (base 6) to base 10.
15
What is -12 (base 3) in base 7?
-5
1 (base 2) to base 10
1
-7 (base 12) to base 14
-7
-30 (base 8) to base 6
-40
Convert 53 (base 8) to base 6.
111
Convert 10000 (base 2) to base 5.
31
What is -4 (base 10) in base 7?
-4
What is 3 (base 16) in base 2?
11
-2 (base 3) to base 6
-2
What is 5 (base 14) in base 3?
12
111 (base 2) to base 6
11
e8 (base 16) to base 11
1a1
What is -3 (base 16) in base 10?
-3
Convert -45 (base 10) to base 8.
-55
What is -38 (base 15) in base 16?
-35
What is -441 (base 5) in base 6?
-321
What is 21 (base 16) in base 5?
113
-1b (base 14) to base 11
-23
Convert 255 (base 13) to base 10.
408
1b0 (base 12) to base 10
276
What is 6 (base 12) in base 8?
6
Convert 6 (base 13) to base 16.
6
What is -113 (base 4) in base 3?
-212
What is 4 (base 16) in base 7?
4
Convert -1 (base 11) to base 13.
-1
Convert -57 (base 15) to base 5.
-312
What is 117 (base 8) in base 11?
72
2111 (base 5) to base 9
342
0 (base 6) to base 5
0
-7 (base 9) to base 15
-7
What is 42 (base 8) in base 6?
54
13 (base 15) to base 5
33
Convert 302 (base 5) to base 15.
52
-28 (base 13) to base 8
-42
-2 (base 13) to base 10
-2
-12 (base 4) to base 13
-6
-111010 (base 2) to base 14
-42
What is 1b (base 14) in base 3?
221
Convert -20 (base 3) to base 11.
-6
What is 3 (base 11) in base 7?
3
What is -3 (base 9) in base 7?
-3
Convert -33 (base 15) to base 14.
-36
What is 135 (base 7) in base 2?
1001011
Convert 95 (base 12) to base 9.
135
-2a (base 16) to base 13
-33
What is 70 (base 10) in base 12?
5a
1101 (base 2) to base 3
111
What is 221 (base 3) in base 8?
31
Convert 76 (base 12) to base 8.
132
What is -a0 (base 16) in base 7?
-316
Convert 101110 (base 2) to base 13.
37
What is 31 (base 12) in base 14?
29
-2a (base 15) to base 11
-37
Convert 59 (base 11) to base 16.
40
What is -32 (base 16) in base 2?
-110010
a (base 13) to base 5
20
-333 (base 6) to base 13
-9c
21001 (base 3) to base 4
2332
Convert -43 (base 7) to base 16.
-1f
Convert 95 (base 11) to base 7.
206
-121 (base 5) to base 8
-44
What is -20 (base 9) in base 14?
-14
1303 (base 4) to base 12
97
-71 (base 8) to base 3
-2010
Convert 10 (base 8) to base 4.
20
What is 2 (base 12) in base 8?
2
1000 (base 2) to base 9
8
What is -111 (base 3) in base 14?
-d
Convert -3 (base 16) to base 5.
-3
Convert 2 (base 12) to base 9.
2
What is -11111000 (base 2) in base 4?
-3320
Convert 6 (base 15) to base 11.
6
What is -126 (base 10) in base 7?
-240
Convert 1 (base 8) to base 13.
1
330 (base 4) to base 13
48
What is 67 (base 11) in base 8?
111
-345 (base 9) to base 5
-2114
Convert -9 (base 11) to base 9.
-10
Convert 0 (base 6) to base 9.
0
-123 (base 12) to base 5
-1141
-30 (base 5) to base 16
-f
-12 (base 13) to base 14
-11
80 (base 16) to base 15
88
Convert -8a (base 16) to base 7.
-255
4 (base 8) to base 4
10
Convert 30 (base 4) to base 15.
c
Convert -2 (base 8) to base 12.
-2
What is 31 (base 10) in base 15?
21
What is 100 (base 5) in base 8?
31
Convert -1 (base 10) to base 12.
-1
What is -12 (base 4) in base 6?
-10
What is 19 (base 15) in base 4?
120
Convert 12 (base 16) to base 3.
200
-3 (base 10) to base 9
-3
-2 (base 13) to base 5
-2
What is 16 (base 13) in base 3?
201
What is 5 (base 6) in base 7?
5
-25 (base 16) to base 10
-37
13 (base 12) to base 8
17
Convert -217 (base 10) to base 15.
-e7
What is 10 (base 3) in base 14?
3
Convert -11101 (base 2) to base 10.
-29
Convert -1 (base 8) to base 13.
-1
Convert -23 (base 11) to base 4.
-121
35 (base 7) to base 5
101
-26 (base 13) to base 2
-100000
-e8 (base 15) to base 6
-1002
What is -2 (base 16) in base 3?
-2
What is 75 (base 15) in base 8?
156
26 (base 8) to base 13
19
Convert -8 (base 14) to base 11.
-8
What is -1 (base 12) in base 7?
-1
Convert 4 (base 16) to base 13.
4
Convert -50 (base 13) to base 2.
-1000001
-2a (base 15) to base 8
-50
Convert -37 (base 11) to base 8.
-50
What is -121 (base 3) in base 9?
-17
-1 (base 15) to base 7
-1
What is -110 (base 3) in base 2?
-1100
2 (base 9) to base 3
2
What is -5 (base 8) in base 12?
-5
-11010 (base 2) to base 15
-1b
Convert -10111 (base 2) to base 11.
-21
Convert -120 (base 3) to base 15.
-10
Convert -ba (base 12) to base 9.
-167
158 (base 12) to base 2
11010100
-1 (base 3) to base 8
-1
What is -12 (base 10) in base 12?
-10
-16 (base 10) to base 14
-12
-51 (base 6) to base 12
-27
What is 32 (base 6) in base 3?
202
What is 423 (base 5) in base 10?
113
Convert -4 (base 15) to base 16.
-4
What is -2 (base 10) in base 9?
-2
-27 (base 14) to base 16
-23
-11312 (base 4) to base 15
-19e
What is -10 (base 3) in base 4?
-3
22011 (base 3) to base 16
dc
4 (base 8) to base 5
4
1 (base 10) to base 7
1
3 (base 12) to base 13
3
81 (base 15) to base 12
a1
-10 (base 13) to base 6
-21
1000 (base 5) to base 10
125
What is -3 (base 5) in base 10?
-3
-13 (base 4) to base 9
-7
Convert -10 (base 14) to base 8.
-16
What is 2 (base 16) in base 4?
2
What is -10 (base 3) in base 10?
-3
Convert 10 (base 6) to base 12.
6
288 (base 10) to base 7
561
0 (base 4) to base 8
0
-26 (base 12) to base 9
-33
53 (base 13) to base 15
48
-21 (base 7) to base 2
-1111
Convert -55 (base 11) to base 7.
-114
What is 3 (base 14) in base 7?
3
-110 (base 3) to base 10
-12
What is -1 (base 11) in base 7?
-1
-1 (base 6) to base 2
-1
Convert 13 (base 4) to base 9.
7
What is -102 (base 4) in base 14?
-14
10a (base 14) to base 11
178
What is -2 (base 9) in base 2?
-10
Convert 24 (base 13) to base 10.
30
Convert 3 (base 15) to base 10.
3
What is 157 (base 12) in base 11?
182
Convert 7 (base 11) to base 4.
13
-405 (base 6) to base 5
-1044
-19 (base 11) to base 5
-40
What is 132 (base 10) in base 7?
246
What is 0 (base 14) in base 7?
0
8 (base 10) to base 8
10
Convert -25 (base 14) to base 11.
-30
Convert -131 (base 5) to base 12.
-35
What is -3 (base 5) in base 8?
-3
-8 (base 10) to base 9
-8
What is -34 (base 9) in base 6?
-51
37 (base 13) to base 6
114
28 (base 11) to base 13
24
Convert 0 (base 2) to base 14.
0
Conv